{"id":85,"date":"2023-08-02T19:43:05","date_gmt":"2023-08-02T19:43:05","guid":{"rendered":"http:\/\/royalbus.cz\/?page_id=85"},"modified":"2026-01-23T11:17:33","modified_gmt":"2026-01-23T11:17:33","slug":"royalbus-cz","status":"publish","type":"page","link":"http:\/\/royalbus.cz\/o-nas\/","title":{"rendered":"Slu\u017eby"},"content":{"rendered":"\n<p>Autobusov\u00e1 doprava<\/p>\n\n\n\n<p>Minibusov\u00e1 doprava<\/p>\n\n\n\n<p>N\u00e1kladn\u00ed doprava<\/p>\n\n\n\n<p>N\u00e1kup a prodej vozidel<\/p>\n\n\n\n<p><\/p>\n\n\n\n<figure class=\"wp-block-gallery has-nested-images columns-default is-cropped wp-block-gallery-1 is-layout-flex\">\n<figure class=\"wp-block-image size-large\"><img decoding=\"async\" loading=\"lazy\" width=\"1024\" height=\"683\" data-id=\"178\"  src=\"http:\/\/royalbus.cz\/wp-content\/uploads\/2026\/01\/1000046915-1024x683.jpg\" alt=\"\" class=\"wp-image-178\" srcset=\"http:\/\/royalbus.cz\/wp-content\/uploads\/2026\/01\/1000046915-1024x683.jpg 1024w, http:\/\/royalbus.cz\/wp-content\/uploads\/2026\/01\/1000046915-300x200.jpg 300w, http:\/\/royalbus.cz\/wp-content\/uploads\/2026\/01\/1000046915-768x512.jpg 768w, http:\/\/royalbus.cz\/wp-content\/uploads\/2026\/01\/1000046915-850x567.jpg 850w, http:\/\/royalbus.cz\/wp-content\/uploads\/2026\/01\/1000046915.jpg 1536w\" sizes=\"(max-width: 1024px) 100vw, 1024px\" \/><\/figure>\n<\/figure>\n\n\n\n<p><\/p>\n","protected":false},"excerpt":{"rendered":"<p>Autobusov\u00e1 doprava Minibusov\u00e1 doprava N\u00e1kladn\u00ed doprava N\u00e1kup a prodej vozidel<\/p>\n","protected":false},"author":1,"featured_media":0,"parent":0,"menu_order":0,"comment_status":"closed","ping_status":"closed","template":"","meta":[],"_links":{"self":[{"href":"http:\/\/royalbus.cz\/o-nas\/wp-json\/wp\/v2\/pages\/85"}],"collection":[{"href":"http:\/\/royalbus.cz\/o-nas\/wp-json\/wp\/v2\/pages"}],"about":[{"href":"http:\/\/royalbus.cz\/o-nas\/wp-json\/wp\/v2\/types\/page"}],"author":[{"embeddable":true,"href":"http:\/\/royalbus.cz\/o-nas\/wp-json\/wp\/v2\/users\/1"}],"replies":[{"embeddable":true,"href":"http:\/\/royalbus.cz\/o-nas\/wp-json\/wp\/v2\/comments?post=85"}],"version-history":[{"count":8,"href":"http:\/\/royalbus.cz\/o-nas\/wp-json\/wp\/v2\/pages\/85\/revisions"}],"predecessor-version":[{"id":179,"href":"http:\/\/royalbus.cz\/o-nas\/wp-json\/wp\/v2\/pages\/85\/revisions\/179"}],"wp:attachment":[{"href":"http:\/\/royalbus.cz\/o-nas\/wp-json\/wp\/v2\/media?parent=85"}],"curies":[{"name":"wp","href":"https:\/\/api.w.org\/{rel}","templated":true}]}}